{"id":31,"date":"2014-04-14T15:22:39","date_gmt":"2014-04-14T15:22:39","guid":{"rendered":"http:\/\/www.bencroon.nl\/site\/?page_id=31"},"modified":"2017-03-01T13:47:15","modified_gmt":"2017-03-01T13:47:15","slug":"31-2","status":"publish","type":"page","link":"https:\/\/www.bencroon.nl\/site\/31-2\/","title":{"rendered":"Programma&#8217;s"},"content":{"rendered":"<p>Verhalen en programma&#8217;s lenen zich zowel voor optredens en public als aan huis. Deze programma&#8217;s duren ongeveer anderhalf uur exclusief pauze. Eventueel kunnen zij omlijst worden met pianomuziek van en door Antoinette van Nievelt.<\/p>\n<p>Ik trad onder meer op in de boekhandels Van Rossum, Scheltema en Van Pampus (Amsterdam), Den Boer (Baarn), Blokker (Heemstede), Van der Meer (Noordwijk) en Feijn (Alkmaar) en in Museum Van Loon, het Geelvinck Hinlopen Huis, Felix Meritis, het Parool Theater, Pianola Theater (Amsterdam), de Vertelschuur (Heemstede), Cultureel Centrum Artichock (Soest), het Rosa Spier Huis (Laren) en Burcht Literair (Leiden).<\/p>\n<p><img loading=\"lazy\" class=\"alignright size-full wp-image-117\" src=\"https:\/\/www.bencroon.nl\/site\/wp-content\/uploads\/kroon-break.png\" alt=\"kroon-break\" width=\"720\" height=\"22\" srcset=\"https:\/\/www.bencroon.nl\/site\/wp-content\/uploads\/kroon-break.png 720w, https:\/\/www.bencroon.nl\/site\/wp-content\/uploads\/kroon-break-200x6.png 200w\" sizes=\"(max-width: 720px) 100vw, 720px\" \/><\/p>\n<h3>Verhalen over schijn en werkelijkheid<\/h3>\n<div id=\"attachment_79\" style=\"width: 200px\" class=\"wp-caption alignleft\"><img aria-describedby=\"caption-attachment-79\" loading=\"lazy\" class=\"wp-image-79 size-medium\" src=\"https:\/\/www.bencroon.nl\/site\/wp-content\/uploads\/Guy_de_Maupassant-260x260.jpg\" alt=\"programma's verhalen verhalenverteller\" width=\"200\" height=\"200\" srcset=\"https:\/\/www.bencroon.nl\/site\/wp-content\/uploads\/Guy_de_Maupassant-260x260.jpg 260w, https:\/\/www.bencroon.nl\/site\/wp-content\/uploads\/Guy_de_Maupassant-150x150.jpg 150w, https:\/\/www.bencroon.nl\/site\/wp-content\/uploads\/Guy_de_Maupassant.jpg 300w\" sizes=\"(max-width: 200px) 100vw, 200px\" \/><p id=\"caption-attachment-79\" class=\"wp-caption-text\">Guy de Maupassant<\/p><\/div>\n<div id=\"attachment_81\" style=\"width: 200px\" class=\"wp-caption alignleft\"><img aria-describedby=\"caption-attachment-81\" loading=\"lazy\" class=\"wp-image-81 size-medium\" src=\"https:\/\/www.bencroon.nl\/site\/wp-content\/uploads\/tolstoi-260x260.jpg\" alt=\"programma's verhalen verhalenverteller\" width=\"200\" height=\"200\" srcset=\"https:\/\/www.bencroon.nl\/site\/wp-content\/uploads\/tolstoi-260x260.jpg 260w, https:\/\/www.bencroon.nl\/site\/wp-content\/uploads\/tolstoi-150x150.jpg 150w, https:\/\/www.bencroon.nl\/site\/wp-content\/uploads\/tolstoi.jpg 300w\" sizes=\"(max-width: 200px) 100vw, 200px\" \/><p id=\"caption-attachment-81\" class=\"wp-caption-text\">Lew Tolstoi<\/p><\/div>\n<div id=\"attachment_80\" style=\"width: 200px\" class=\"wp-caption alignleft\"><img aria-describedby=\"caption-attachment-80\" loading=\"lazy\" class=\"wp-image-80 size-medium\" src=\"https:\/\/www.bencroon.nl\/site\/wp-content\/uploads\/Joaquim-Machado-de-Assis-260x260.jpg\" alt=\"programma's verhalen verhalenverteller\" width=\"200\" height=\"200\" srcset=\"https:\/\/www.bencroon.nl\/site\/wp-content\/uploads\/Joaquim-Machado-de-Assis-260x260.jpg 260w, https:\/\/www.bencroon.nl\/site\/wp-content\/uploads\/Joaquim-Machado-de-Assis-150x150.jpg 150w, https:\/\/www.bencroon.nl\/site\/wp-content\/uploads\/Joaquim-Machado-de-Assis.jpg 300w\" sizes=\"(max-width: 200px) 100vw, 200px\" \/><p id=\"caption-attachment-80\" class=\"wp-caption-text\">Joaquim Machado de Assis<\/p><\/div>\n<div style=\"clear: both;\">\n<blockquote>\n<h4>&#8220;Voelde hij telkens een vreugdevolle opwinding, soms zelfs een woeste vreugde&#8230;&#8221;<\/h4>\n<\/blockquote>\n<p>De werkelijkheid waarin we leven heeft soms heel andere kanten dan we dachten. Met onze verlangens, illusies en dromen scheppen we vaak een schijnwereld die door de werkelijkheid ruw kan worden verstoord. Maar het omgekeerde komt ook voor. Soms biedt het leven mogelijkheden die we niet hadden vermoed.<\/p>\n<\/div>\n<ul>\n<li><span style=\"color: #3498db;\">Het halssnoer &#8211; Guy de Maupassant<\/span><\/li>\n<li><span style=\"color: #3498db;\">Na het bal \u2013 Lev Tolstoj<\/span><\/li>\n<li><span style=\"color: #3498db;\">Vrouwenarmen \u2013 Joaquim Machado de Assis<\/span><\/li>\n<\/ul>\n<p><img loading=\"lazy\" class=\"alignleft wp-image-73 size-full\" src=\"https:\/\/www.bencroon.nl\/site\/wp-content\/uploads\/kroon-break.png\" alt=\"kroon-break\" width=\"720\" height=\"22\" \/><\/p>\n<h3>Verhalen over het menselijk tekort<\/h3>\n<div id=\"attachment_79\" style=\"width: 200px\" class=\"wp-caption alignleft\"><img aria-describedby=\"caption-attachment-79\" loading=\"lazy\" class=\"size-medium wp-image-79\" src=\"https:\/\/www.bencroon.nl\/site\/wp-content\/uploads\/Guy_de_Maupassant-260x260.jpg\" alt=\"Guy de Maupassant\" width=\"200\" height=\"200\" srcset=\"https:\/\/www.bencroon.nl\/site\/wp-content\/uploads\/Guy_de_Maupassant-260x260.jpg 260w, https:\/\/www.bencroon.nl\/site\/wp-content\/uploads\/Guy_de_Maupassant-150x150.jpg 150w, https:\/\/www.bencroon.nl\/site\/wp-content\/uploads\/Guy_de_Maupassant.jpg 300w\" sizes=\"(max-width: 200px) 100vw, 200px\" \/><p id=\"caption-attachment-79\" class=\"wp-caption-text\">Guy de Maupassant<\/p><\/div>\n<div id=\"attachment_80\" style=\"width: 200px\" class=\"wp-caption alignleft\"><img aria-describedby=\"caption-attachment-80\" loading=\"lazy\" class=\"size-medium wp-image-80\" src=\"https:\/\/www.bencroon.nl\/site\/wp-content\/uploads\/Joaquim-Machado-de-Assis-260x260.jpg\" alt=\"Joaquim-Machado-de-Assis\" width=\"200\" height=\"200\" srcset=\"https:\/\/www.bencroon.nl\/site\/wp-content\/uploads\/Joaquim-Machado-de-Assis-260x260.jpg 260w, https:\/\/www.bencroon.nl\/site\/wp-content\/uploads\/Joaquim-Machado-de-Assis-150x150.jpg 150w, https:\/\/www.bencroon.nl\/site\/wp-content\/uploads\/Joaquim-Machado-de-Assis.jpg 300w\" sizes=\"(max-width: 200px) 100vw, 200px\" \/><p id=\"caption-attachment-80\" class=\"wp-caption-text\">Joaquim Machado de Assis<\/p><\/div>\n<div id=\"attachment_255\" style=\"width: 200px\" class=\"wp-caption alignleft\"><img aria-describedby=\"caption-attachment-255\" loading=\"lazy\" class=\"wp-image-255 size-medium\" src=\"https:\/\/www.bencroon.nl\/site\/wp-content\/uploads\/buzzati-2-200x200.jpg\" width=\"200\" height=\"200\" srcset=\"https:\/\/www.bencroon.nl\/site\/wp-content\/uploads\/buzzati-2-200x200.jpg 200w, https:\/\/www.bencroon.nl\/site\/wp-content\/uploads\/buzzati-2-150x150.jpg 150w, https:\/\/www.bencroon.nl\/site\/wp-content\/uploads\/buzzati-2.jpg 300w\" sizes=\"(max-width: 200px) 100vw, 200px\" \/><p id=\"caption-attachment-255\" class=\"wp-caption-text\">Dino Buzatti<\/p><\/div>\n<div style=\"clear: both;\">\n<blockquote>\n<h4>&#8220;&#8230;of de eeuwige wetten hun zekerheid hadden verloren.&#8221;<\/h4>\n<\/blockquote>\n<p>Hoe komt het dat de ene mens zijn verlangens te hoog stelt en de ander te laag? Wat wil hij bereiken of juist vermijden? Levens en verlangens balanceren vaak op de grens van zekerheid en desillusie.<\/p>\n<\/div>\n<ul>\n<li><span style=\"color: #3498db;\">Gar\u00e7on, \u00e9\u00e9n bier \u2013 Guy de Maupassant<\/span><\/li>\n<li><span style=\"color: #3498db;\">Het bruiloftslied \u2013 Joaquim Machado de Assis<\/span><\/li>\n<li><span style=\"color: #3498db;\">De betoverde burger \u2013 Dino Buzzati<\/span><\/li>\n<\/ul>\n<p><img loading=\"lazy\" class=\"alignleft wp-image-73 size-full\" src=\"https:\/\/www.bencroon.nl\/site\/wp-content\/uploads\/kroon-break.png\" alt=\"kroon-break\" width=\"720\" height=\"22\" \/><\/p>\n<h3>\u00a0Russische verhalen<\/h3>\n<div id=\"attachment_81\" style=\"width: 200px\" class=\"wp-caption alignleft\"><img aria-describedby=\"caption-attachment-81\" loading=\"lazy\" class=\"wp-image-81 size-medium\" src=\"https:\/\/www.bencroon.nl\/site\/wp-content\/uploads\/tolstoi-260x260.jpg\" alt=\"\" width=\"200\" height=\"200\" srcset=\"https:\/\/www.bencroon.nl\/site\/wp-content\/uploads\/tolstoi-260x260.jpg 260w, https:\/\/www.bencroon.nl\/site\/wp-content\/uploads\/tolstoi-150x150.jpg 150w, https:\/\/www.bencroon.nl\/site\/wp-content\/uploads\/tolstoi.jpg 300w\" sizes=\"(max-width: 200px) 100vw, 200px\" \/><p id=\"caption-attachment-81\" class=\"wp-caption-text\">Lew Tolstoi<\/p><\/div>\n<div id=\"attachment_122\" style=\"width: 200px\" class=\"wp-caption alignleft\"><img aria-describedby=\"caption-attachment-122\" loading=\"lazy\" class=\"wp-image-122 size-medium\" src=\"https:\/\/www.bencroon.nl\/site\/wp-content\/uploads\/Vsevolod-Garshin-200x200.jpg\" alt=\"\" width=\"200\" height=\"200\" srcset=\"https:\/\/www.bencroon.nl\/site\/wp-content\/uploads\/Vsevolod-Garshin-200x200.jpg 200w, https:\/\/www.bencroon.nl\/site\/wp-content\/uploads\/Vsevolod-Garshin-150x150.jpg 150w, https:\/\/www.bencroon.nl\/site\/wp-content\/uploads\/Vsevolod-Garshin.jpg 300w\" sizes=\"(max-width: 200px) 100vw, 200px\" \/><p id=\"caption-attachment-122\" class=\"wp-caption-text\">Vsevolod Garshin<\/p><\/div>\n<div id=\"attachment_254\" style=\"width: 200px\" class=\"wp-caption alignleft\"><img aria-describedby=\"caption-attachment-254\" loading=\"lazy\" class=\"wp-image-254 size-medium\" src=\"https:\/\/www.bencroon.nl\/site\/wp-content\/uploads\/Anton-Tsjechov-2-200x200.jpg\" width=\"200\" height=\"200\" srcset=\"https:\/\/www.bencroon.nl\/site\/wp-content\/uploads\/Anton-Tsjechov-2-200x200.jpg 200w, https:\/\/www.bencroon.nl\/site\/wp-content\/uploads\/Anton-Tsjechov-2-150x150.jpg 150w, https:\/\/www.bencroon.nl\/site\/wp-content\/uploads\/Anton-Tsjechov-2.jpg 300w\" sizes=\"(max-width: 200px) 100vw, 200px\" \/><p id=\"caption-attachment-254\" class=\"wp-caption-text\">Anton Tsjechov<\/p><\/div>\n<div style=\"clear: both;\">\n<blockquote>\n<h4>&#8220;Een lichte schaduw van haar wezen lag als het ware op mijn ziel.&#8221;<\/h4>\n<\/blockquote>\n<\/div>\n<div style=\"clear: both;\">\n<p>Na het diner of souper zaten Russen graag bij elkaar en bespraken filosofische onderwerpen: waar wordt het menselijk leven door bepaald, is vrijheid mogelijk, hoe ontstaat de liefde? Een van hen vertelt dan een verhaal over zijn eigen leven. Een verhaal over een schitterend bal of over een tedere maar onbereikbare liefde.<\/p>\n<\/div>\n<ul>\n<li><span style=\"color: #3498db;\">Na het bal \u2013 Lev Tolstoj<\/span><\/li>\n<li><span style=\"color: #3498db;\">Attalea Princeps &#8211; Vsevolod Garshin<\/span><\/li>\n<li><span style=\"color: #3498db;\">Over de liefde \u2013 Anton Tsjechov<\/span><\/li>\n<\/ul>\n<p><img loading=\"lazy\" class=\"alignleft wp-image-73 size-full\" src=\"https:\/\/www.bencroon.nl\/site\/wp-content\/uploads\/kroon-break.png\" alt=\"kroon-break\" width=\"720\" height=\"22\" \/><\/p>\n<h3>Verhalen over de liefde I<\/h3>\n<div id=\"attachment_120\" style=\"width: 200px\" class=\"wp-caption alignleft\"><img aria-describedby=\"caption-attachment-120\" loading=\"lazy\" class=\"wp-image-120 size-medium\" src=\"https:\/\/www.bencroon.nl\/site\/wp-content\/uploads\/arnold-aletrino-200x200.jpg\" alt=\"\" width=\"200\" height=\"200\" srcset=\"https:\/\/www.bencroon.nl\/site\/wp-content\/uploads\/arnold-aletrino-200x200.jpg 200w, https:\/\/www.bencroon.nl\/site\/wp-content\/uploads\/arnold-aletrino-150x150.jpg 150w, https:\/\/www.bencroon.nl\/site\/wp-content\/uploads\/arnold-aletrino.jpg 300w\" sizes=\"(max-width: 200px) 100vw, 200px\" \/><p id=\"caption-attachment-120\" class=\"wp-caption-text\">Arnold Aletrino<\/p><\/div>\n<div id=\"attachment_81\" style=\"width: 200px\" class=\"wp-caption alignleft\"><img aria-describedby=\"caption-attachment-81\" loading=\"lazy\" class=\"wp-image-81 size-medium\" src=\"https:\/\/www.bencroon.nl\/site\/wp-content\/uploads\/tolstoi-260x260.jpg\" alt=\"Lew Tolstoi\" width=\"200\" height=\"200\" srcset=\"https:\/\/www.bencroon.nl\/site\/wp-content\/uploads\/tolstoi-260x260.jpg 260w, https:\/\/www.bencroon.nl\/site\/wp-content\/uploads\/tolstoi-150x150.jpg 150w, https:\/\/www.bencroon.nl\/site\/wp-content\/uploads\/tolstoi.jpg 300w\" sizes=\"(max-width: 200px) 100vw, 200px\" \/><p id=\"caption-attachment-81\" class=\"wp-caption-text\">Lew Tolstoi<\/p><\/div>\n<div id=\"attachment_80\" style=\"width: 200px\" class=\"wp-caption alignleft\"><img aria-describedby=\"caption-attachment-80\" loading=\"lazy\" class=\"wp-image-80 size-medium\" src=\"https:\/\/www.bencroon.nl\/site\/wp-content\/uploads\/Joaquim-Machado-de-Assis-260x260.jpg\" alt=\"Joaquim-Machado-de-Assis\" width=\"200\" height=\"200\" srcset=\"https:\/\/www.bencroon.nl\/site\/wp-content\/uploads\/Joaquim-Machado-de-Assis-260x260.jpg 260w, https:\/\/www.bencroon.nl\/site\/wp-content\/uploads\/Joaquim-Machado-de-Assis-150x150.jpg 150w, https:\/\/www.bencroon.nl\/site\/wp-content\/uploads\/Joaquim-Machado-de-Assis.jpg 300w\" sizes=\"(max-width: 200px) 100vw, 200px\" \/><p id=\"caption-attachment-80\" class=\"wp-caption-text\">Joaquim Machado de Assis<\/p><\/div>\n<div style=\"clear: both;\">\n<blockquote>\n<h4>&#8220;Waar wordt het leven van de mens al niet door veranderd en in een andere richting gedreven&#8230;&#8221;<\/h4>\n<\/blockquote>\n<\/div>\n<p>In de liefde kan de mens in staat zijn tot grote overgave, compassie en tederheid. Maar de liefde vormt evenzo goed het toneel van verwarring, tekortschieten en verloren illusies.<\/p>\n<ul>\n<li><span style=\"color: #3498db;\">Een liefde &#8211; Arnold Aletrino<\/span><\/li>\n<li><span style=\"color: #3498db;\">Na het bal \u2013 Lev Tolstoj<\/span><\/li>\n<li><span style=\"color: #3498db;\">Admiraalsnacht \u2013 Joaquim Machado de Assis<\/span><\/li>\n<\/ul>\n<p><img loading=\"lazy\" class=\"alignleft wp-image-73 size-full\" src=\"https:\/\/www.bencroon.nl\/site\/wp-content\/uploads\/kroon-break.png\" alt=\"kroon-break\" width=\"720\" height=\"22\" \/><\/p>\n<h3>Verhalen over de liefde II<\/h3>\n<div id=\"attachment_256\" style=\"width: 200px\" class=\"wp-caption alignleft\"><img aria-describedby=\"caption-attachment-256\" loading=\"lazy\" class=\"wp-image-256 size-medium\" src=\"https:\/\/www.bencroon.nl\/site\/wp-content\/uploads\/louis-couperus-200x200.jpg\" width=\"200\" height=\"200\" srcset=\"https:\/\/www.bencroon.nl\/site\/wp-content\/uploads\/louis-couperus-200x200.jpg 200w, https:\/\/www.bencroon.nl\/site\/wp-content\/uploads\/louis-couperus-150x150.jpg 150w, https:\/\/www.bencroon.nl\/site\/wp-content\/uploads\/louis-couperus.jpg 300w\" sizes=\"(max-width: 200px) 100vw, 200px\" \/><p id=\"caption-attachment-256\" class=\"wp-caption-text\">Louis Couperus<\/p><\/div>\n<div id=\"attachment_255\" style=\"width: 200px\" class=\"wp-caption alignleft\"><img aria-describedby=\"caption-attachment-255\" loading=\"lazy\" class=\"wp-image-255 size-medium\" src=\"https:\/\/www.bencroon.nl\/site\/wp-content\/uploads\/buzzati-2-200x200.jpg\" width=\"200\" height=\"200\" srcset=\"https:\/\/www.bencroon.nl\/site\/wp-content\/uploads\/buzzati-2-200x200.jpg 200w, https:\/\/www.bencroon.nl\/site\/wp-content\/uploads\/buzzati-2-150x150.jpg 150w, https:\/\/www.bencroon.nl\/site\/wp-content\/uploads\/buzzati-2.jpg 300w\" sizes=\"(max-width: 200px) 100vw, 200px\" \/><p id=\"caption-attachment-255\" class=\"wp-caption-text\">Dino Buzatti<\/p><\/div>\n<div id=\"attachment_80\" style=\"width: 200px\" class=\"wp-caption alignleft\"><img aria-describedby=\"caption-attachment-80\" loading=\"lazy\" class=\"wp-image-80 size-medium\" src=\"https:\/\/www.bencroon.nl\/site\/wp-content\/uploads\/Joaquim-Machado-de-Assis-260x260.jpg\" alt=\"Joaquim-Machado-de-Assis\" width=\"200\" height=\"200\" srcset=\"https:\/\/www.bencroon.nl\/site\/wp-content\/uploads\/Joaquim-Machado-de-Assis-260x260.jpg 260w, https:\/\/www.bencroon.nl\/site\/wp-content\/uploads\/Joaquim-Machado-de-Assis-150x150.jpg 150w, https:\/\/www.bencroon.nl\/site\/wp-content\/uploads\/Joaquim-Machado-de-Assis.jpg 300w\" sizes=\"(max-width: 200px) 100vw, 200px\" \/><p id=\"caption-attachment-80\" class=\"wp-caption-text\">Joaquim Machado de Assis<\/p><\/div>\n<div style=\"clear: both;\">\n<blockquote>\n<h4>&#8220;Ik denk zo hevig aan je dat mijn liefde je wel moet bereiken, ook al zit je helemaal aan de andere kant van de stad&#8230;.&#8221;<\/h4>\n<\/blockquote>\n<\/div>\n<p>In de liefde kan de mens in staat zijn tot grote overgave, compassie en tederheid. Maar de liefde vormt evenzo goed het toneel van verwarring, tekortschieten en verloren illusies.<\/p>\n<ul>\n<li><span style=\"color: #3498db;\">De man in huis &#8211; Louis Couperus<br \/>\n<\/span><\/li>\n<li><span style=\"color: #3498db;\">Een liefdesbrief &#8211; Dino Buzatti<br \/>\n<\/span><\/li>\n<li><span style=\"color: #3498db;\">Vrouwenarmen \u2013 Joaquim Machado de Assis<\/span><\/li>\n<\/ul>\n<p><img loading=\"lazy\" class=\"alignleft wp-image-73 size-full\" src=\"https:\/\/www.bencroon.nl\/site\/wp-content\/uploads\/kroon-break.png\" alt=\"kroon-break\" width=\"720\" height=\"22\" \/><\/p>\n<h3>De vierde wijze uit het oosten<\/h3>\n<div id=\"attachment_121\" style=\"width: 200px\" class=\"wp-caption alignleft\"><img aria-describedby=\"caption-attachment-121\" loading=\"lazy\" class=\"wp-image-121 size-medium\" src=\"https:\/\/www.bencroon.nl\/site\/wp-content\/uploads\/henry-van-dyke-200x200.jpg\" alt=\"\" width=\"200\" height=\"200\" srcset=\"https:\/\/www.bencroon.nl\/site\/wp-content\/uploads\/henry-van-dyke-200x200.jpg 200w, https:\/\/www.bencroon.nl\/site\/wp-content\/uploads\/henry-van-dyke-150x150.jpg 150w, https:\/\/www.bencroon.nl\/site\/wp-content\/uploads\/henry-van-dyke.jpg 300w\" sizes=\"(max-width: 200px) 100vw, 200px\" \/><p id=\"caption-attachment-121\" class=\"wp-caption-text\">Henry van Dyke<\/p><\/div>\n<p>Henry van Dyke schreef in 1895 het klassieke kerstverhaal \u201cDe vierde wijze uit het Oosten.\u201d<\/p>\n<p>Het vertelt over Artaban die te laat komt om met zijn drie vrienden de nieuwgeboren koning, die de zoekende wereld licht zal brengen, te begroeten. Zijn hele leven blijft hij alleen op zoek, een zoektocht die uiteindelijk op wonderbaarlijke wijze vervuld zal worden.<\/p>\n<div style=\"clear: both;\"><\/div>\n<ul>\n<li><span style=\"color: #3498db;\">De vierde wijze uit het oosten &#8211; Henry van Dyke<br \/>\n<\/span><\/li>\n<\/ul>\n<p><img loading=\"lazy\" class=\"alignleft wp-image-73 size-full\" src=\"https:\/\/www.bencroon.nl\/site\/wp-content\/uploads\/kroon-break.png\" alt=\"kroon-break\" width=\"720\" height=\"22\" \/><\/p>\n<h3>Maand van de filosofie<\/h3>\n<div id=\"attachment_203\" style=\"width: 200px\" class=\"wp-caption alignright\"><img aria-describedby=\"caption-attachment-203\" loading=\"lazy\" class=\"wp-image-203 size-medium\" src=\"https:\/\/www.bencroon.nl\/site\/wp-content\/uploads\/bencroon-ea-200x150.jpg\" alt=\"De vertellers\" width=\"200\" height=\"150\" srcset=\"https:\/\/www.bencroon.nl\/site\/wp-content\/uploads\/bencroon-ea-200x150.jpg 200w, https:\/\/www.bencroon.nl\/site\/wp-content\/uploads\/bencroon-ea.jpg 720w\" sizes=\"(max-width: 200px) 100vw, 200px\" \/><p id=\"caption-attachment-203\" class=\"wp-caption-text\">Jan Flameling, Edsart Udo de Haes en Ben Croon<\/p><\/div>\n<p>In april is het de Maand van de Filosofie. In dat kader heb ik de afgelopen jaren samen met filosoof Jan Flameling en gitarist Edsart Udo de Haes voor de Nacht van de Filosofie een programma met filosofie, literatuur en muziek verzorgd. Ook in een aantal boekwinkels zijn wij daarmee opgetreden. Deze programma\u2019s hebben betrekking op het thema van de Maand van de Filosofie als \u2018De ziel,\u2019 \u2018Vrijheid,\u2019 \u2018Verzoening\u2019 en \u2018Het echte leven.\u2019 Zij zijn overigens niet aan de maand april gebonden.<\/p>\n<p>&nbsp;<\/p>\n","protected":false},"excerpt":{"rendered":"<p>Verhalen en programma&#8217;s lenen zich zowel voor optredens en public als aan huis. Deze programma&#8217;s duren ongeveer anderhalf uur exclusief pauze. Eventueel kunnen zij omlijst worden met pianomuziek van en door Antoinette van Nievelt. Ik trad onder meer op in de boekhandels Van Rossum, Scheltema en Van Pampus (Amsterdam), Den Boer (Baarn), Blokker (Heemstede), Van&hellip;<\/p>\n","protected":false},"author":1,"featured_media":0,"parent":0,"menu_order":0,"comment_status":"closed","ping_status":"open","template":"","meta":{"spay_email":""},"yoast_head":"<!-- This site is optimized with the Yoast SEO plugin v18.3 - https:\/\/yoast.com\/wordpress\/plugins\/seo\/ -->\n<title>Ben Croon - Verhalenverteller - Programma&#039;s<\/title>\n<meta name=\"description\" content=\"Verhalen en programma&#039;s lenen zich zowel voor optredens en public als aan huis. Deze programma&#039;s duren ongeveer anderhalf uur exclusief pauze.\" \/>\n<meta name=\"robots\" content=\"index, follow, max-snippet:-1, max-image-preview:large, max-video-preview:-1\" \/>\n<link rel=\"canonical\" href=\"https:\/\/www.bencroon.nl\/site\/31-2\/\" \/>\n<meta property=\"og:locale\" content=\"nl_NL\" \/>\n<meta property=\"og:type\" content=\"article\" \/>\n<meta property=\"og:title\" content=\"Ben Croon - Verhalenverteller - Programma&#039;s\" \/>\n<meta property=\"og:description\" content=\"Verhalen en programma&#039;s lenen zich zowel voor optredens en public als aan huis. Deze programma&#039;s duren ongeveer anderhalf uur exclusief pauze.\" \/>\n<meta property=\"og:url\" content=\"https:\/\/www.bencroon.nl\/site\/31-2\/\" \/>\n<meta property=\"og:site_name\" content=\"Ben Croon\" \/>\n<meta property=\"article:modified_time\" content=\"2017-03-01T13:47:15+00:00\" \/>\n<meta property=\"og:image\" content=\"http:\/\/www.bencroon.nl\/site\/wp-content\/uploads\/kroon-break.png\" \/>\n<meta name=\"twitter:label1\" content=\"Geschatte leestijd\" \/>\n\t<meta name=\"twitter:data1\" content=\"4 minuten\" \/>\n<script type=\"application\/ld+json\" class=\"yoast-schema-graph\">{\"@context\":\"https:\/\/schema.org\",\"@graph\":[{\"@type\":\"WebSite\",\"@id\":\"https:\/\/www.bencroon.nl\/site\/#website\",\"url\":\"https:\/\/www.bencroon.nl\/site\/\",\"name\":\"Ben Croon\",\"description\":\"\",\"potentialAction\":[{\"@type\":\"SearchAction\",\"target\":{\"@type\":\"EntryPoint\",\"urlTemplate\":\"https:\/\/www.bencroon.nl\/site\/?s={search_term_string}\"},\"query-input\":\"required name=search_term_string\"}],\"inLanguage\":\"nl\"},{\"@type\":\"ImageObject\",\"@id\":\"https:\/\/www.bencroon.nl\/site\/31-2\/#primaryimage\",\"inLanguage\":\"nl\",\"url\":\"http:\/\/www.bencroon.nl\/site\/wp-content\/uploads\/kroon-break.png\",\"contentUrl\":\"http:\/\/www.bencroon.nl\/site\/wp-content\/uploads\/kroon-break.png\"},{\"@type\":\"WebPage\",\"@id\":\"https:\/\/www.bencroon.nl\/site\/31-2\/#webpage\",\"url\":\"https:\/\/www.bencroon.nl\/site\/31-2\/\",\"name\":\"Ben Croon - Verhalenverteller - Programma's\",\"isPartOf\":{\"@id\":\"https:\/\/www.bencroon.nl\/site\/#website\"},\"primaryImageOfPage\":{\"@id\":\"https:\/\/www.bencroon.nl\/site\/31-2\/#primaryimage\"},\"datePublished\":\"2014-04-14T15:22:39+00:00\",\"dateModified\":\"2017-03-01T13:47:15+00:00\",\"description\":\"Verhalen en programma's lenen zich zowel voor optredens en public als aan huis. Deze programma's duren ongeveer anderhalf uur exclusief pauze.\",\"breadcrumb\":{\"@id\":\"https:\/\/www.bencroon.nl\/site\/31-2\/#breadcrumb\"},\"inLanguage\":\"nl\",\"potentialAction\":[{\"@type\":\"ReadAction\",\"target\":[\"https:\/\/www.bencroon.nl\/site\/31-2\/\"]}]},{\"@type\":\"BreadcrumbList\",\"@id\":\"https:\/\/www.bencroon.nl\/site\/31-2\/#breadcrumb\",\"itemListElement\":[{\"@type\":\"ListItem\",\"position\":1,\"name\":\"Home\",\"item\":\"https:\/\/www.bencroon.nl\/site\/\"},{\"@type\":\"ListItem\",\"position\":2,\"name\":\"Programma&#8217;s\"}]}]}<\/script>\n<!-- \/ Yoast SEO plugin. -->","yoast_head_json":{"title":"Ben Croon - Verhalenverteller - Programma's","description":"Verhalen en programma's lenen zich zowel voor optredens en public als aan huis. Deze programma's duren ongeveer anderhalf uur exclusief pauze.","robots":{"index":"index","follow":"follow","max-snippet":"max-snippet:-1","max-image-preview":"max-image-preview:large","max-video-preview":"max-video-preview:-1"},"canonical":"https:\/\/www.bencroon.nl\/site\/31-2\/","og_locale":"nl_NL","og_type":"article","og_title":"Ben Croon - Verhalenverteller - Programma's","og_description":"Verhalen en programma's lenen zich zowel voor optredens en public als aan huis. Deze programma's duren ongeveer anderhalf uur exclusief pauze.","og_url":"https:\/\/www.bencroon.nl\/site\/31-2\/","og_site_name":"Ben Croon","article_modified_time":"2017-03-01T13:47:15+00:00","og_image":[{"url":"http:\/\/www.bencroon.nl\/site\/wp-content\/uploads\/kroon-break.png"}],"twitter_misc":{"Geschatte leestijd":"4 minuten"},"schema":{"@context":"https:\/\/schema.org","@graph":[{"@type":"WebSite","@id":"https:\/\/www.bencroon.nl\/site\/#website","url":"https:\/\/www.bencroon.nl\/site\/","name":"Ben Croon","description":"","potentialAction":[{"@type":"SearchAction","target":{"@type":"EntryPoint","urlTemplate":"https:\/\/www.bencroon.nl\/site\/?s={search_term_string}"},"query-input":"required name=search_term_string"}],"inLanguage":"nl"},{"@type":"ImageObject","@id":"https:\/\/www.bencroon.nl\/site\/31-2\/#primaryimage","inLanguage":"nl","url":"http:\/\/www.bencroon.nl\/site\/wp-content\/uploads\/kroon-break.png","contentUrl":"http:\/\/www.bencroon.nl\/site\/wp-content\/uploads\/kroon-break.png"},{"@type":"WebPage","@id":"https:\/\/www.bencroon.nl\/site\/31-2\/#webpage","url":"https:\/\/www.bencroon.nl\/site\/31-2\/","name":"Ben Croon - Verhalenverteller - Programma's","isPartOf":{"@id":"https:\/\/www.bencroon.nl\/site\/#website"},"primaryImageOfPage":{"@id":"https:\/\/www.bencroon.nl\/site\/31-2\/#primaryimage"},"datePublished":"2014-04-14T15:22:39+00:00","dateModified":"2017-03-01T13:47:15+00:00","description":"Verhalen en programma's lenen zich zowel voor optredens en public als aan huis. Deze programma's duren ongeveer anderhalf uur exclusief pauze.","breadcrumb":{"@id":"https:\/\/www.bencroon.nl\/site\/31-2\/#breadcrumb"},"inLanguage":"nl","potentialAction":[{"@type":"ReadAction","target":["https:\/\/www.bencroon.nl\/site\/31-2\/"]}]},{"@type":"BreadcrumbList","@id":"https:\/\/www.bencroon.nl\/site\/31-2\/#breadcrumb","itemListElement":[{"@type":"ListItem","position":1,"name":"Home","item":"https:\/\/www.bencroon.nl\/site\/"},{"@type":"ListItem","position":2,"name":"Programma&#8217;s"}]}]}},"_links":{"self":[{"href":"https:\/\/www.bencroon.nl\/site\/wp-json\/wp\/v2\/pages\/31"}],"collection":[{"href":"https:\/\/www.bencroon.nl\/site\/wp-json\/wp\/v2\/pages"}],"about":[{"href":"https:\/\/www.bencroon.nl\/site\/wp-json\/wp\/v2\/types\/page"}],"author":[{"embeddable":true,"href":"https:\/\/www.bencroon.nl\/site\/wp-json\/wp\/v2\/users\/1"}],"replies":[{"embeddable":true,"href":"https:\/\/www.bencroon.nl\/site\/wp-json\/wp\/v2\/comments?post=31"}],"version-history":[{"count":25,"href":"https:\/\/www.bencroon.nl\/site\/wp-json\/wp\/v2\/pages\/31\/revisions"}],"predecessor-version":[{"id":258,"href":"https:\/\/www.bencroon.nl\/site\/wp-json\/wp\/v2\/pages\/31\/revisions\/258"}],"wp:attachment":[{"href":"https:\/\/www.bencroon.nl\/site\/wp-json\/wp\/v2\/media?parent=31"}],"curies":[{"name":"wp","href":"https:\/\/api.w.org\/{rel}","templated":true}]}}